umber?
False
Is 464063 a composite number?
True
Is 8197 prime?
False
Is 27239 a prime number?
True
Is 3343 prime?
True
Is 22691 prime?
True
Is 6941 composite?
True
Is 30341 a composite number?
False
Is 327389 a composite number?
True
Is 21377 a composite number?
False
Is 758411 prime?
True
Is 102623 a composite number?
True
Is 9967 prime?
True
Is 1361 a prime number?
True
Is 1117 prime?
True
Is 2100827 composite?
True
Is 1814 a prime number?
False
Is 208553 a prime number?
True
Is 1259 prime?
True
Is 20015 a composite number?
True
Is 33007 prime?
False
Is 223181 a prime number?
False
Is 15901 a prime number?
True
Is 1009839 prime?
False
Is 577819 prime?
False
Is 223521 prime?
False
Is 4691 a prime number?
True
Is 10487 composite?
False
Is 93641 prime?
False
Is 75181 a prime number?
True
Is 3197 a prime number?
False
Is 454501 a prime number?
True
Is 15055 a composite number?
True
Is 142757 a composite number?
False
Is 45317 composite?
False
Is 642269 a prime number?
False
Is 49705 prime?
False
Is 2965 a prime number?
False
Is 181039 a prime number?
True
Is 2999 composite?
False
Is 4073 composite?
False
Is 3721 composite?
True
Is 3442 prime?
False
Is 23081 composite?
False
Is 1502183 a prime number?
True
Is 679 a composite number?
True
Is 16255 a prime number?
False
Is 48563 composite?
False
Is 17103 composite?
True
Is 57637 a prime number?
True
Is 189637 a composite number?
True
Is 168133 prime?
False
Is 2777 a composite number?
False
Is 17783 composite?
False
Is 3907 composite?
False
Is 140603 composite?
False
Is 2183 a composite number?
True
Is 78773 a composite number?
True
Is 73795 a prime number?
False
Is 35147 prime?
False
Is 285487 a composite number?
True
Is 15299 composite?
False
Is 69587 a prime number?
False
Is 7311 a composite number?
True
Is 193439 a prime number?
False
Is 150077 composite?
False
Is 74785 composite?
True
Is 2309 prime?
True
Is 1305797 a composite number?
False
Is 20191 a composite number?
True
Is 2254927 composite?
False
Is 102521 composite?
True
Is 404129 composite?
True
Is 7103 prime?
True
Is 173381 a prime number?
False
Is 269063 prime?
True
Is 470333 a prime number?
True
Is 476821 composite?
True
Is 5981 prime?
True
Is 43037 prime?
True
Is 291 prime?
False
Is 39727 prime?
True
Is 30145 prime?
False
Is 493 a prime number?
False
Is 716981 prime?
True
Is 311371 prime?
True
Is 23677 a prime number?
True
Is 933371 prime?
False
Is 408659 a prime number?
True
Is 6383 a composite number?
True
Is 14621 a composite number?
False
Is 181217 a prime number?
False
Is 7835 a prime number?
False
Is 44747 prime?
False
Is 547763 a prime number?
True
Is 1252021 composite?
False
Is 2323 prime?
False
Is 10859 a prime number?
True
Is 10315 composite?
True
Is 365051 composite?
True
Is 2399 composite?
False
Is 961393 prime?
True
Is 12115 composite?
True
Is 275246 composite?
True
Is 1909 a prime number?
False
Is 2939 a prime number?
True
Is 1860373 composite?
False
Is 34807 composite?
False
Is 84857 composite?
False
Is 19235 composite?
True
Is 877 composite?
False
Is 76463 composite?
False
Is 887441 a prime number?
True
Is 971083 composite?
True
Is 32947 prime?
False
Is 279287 composite?
True
Is 3004993 a composite number?
False
Is 95869 prime?
True
Is 145909 composite?
True
Is 6801 prime?
False
Is 8923 a composite number?
False
Is 1282 composite?
True
Is 353557 a prime number?
True
Is 2753063 composite?
False
Is 2654 a composite number?
True
Is 32343 a prime number?
False
Is 68207 composite?
False
Is 191703 a composite number?
True
Is 147243 composite?
True
Is 157 prime?
True
Is 3371 a prime number?
True
Is 116681 a prime number?
True
Is 8951 prime?
True
Is 218939 prime?
False
Is 72737 a composite number?
True
Is 5485 a prime number?
False
Is 266831 composite?
True
Is 215335 prime?
False
Is 49493 prime?
False
Is 6823 composite?
False
Is 13829 a composite number?
False
Is 83639 composite?
False
Is 2473 a prime number?
True
Is 79379 a composite number?
False
Is 246367 prime?
False
Is 2237 a prime number?
True
Is 12147 composite?
True
Is 108233 a composite number?
False
Is 355523 prime?
False
Is 2741 a composite number?
False
Is 34421 composite?
False
Is 587983 a composite number?
True
Is 420533 composite?
True
Is 57029 prime?
False
Is 193493 composite?
False
Is 23857 a prime number?
True
Is 374567 a composite number?
True
Is 342137 a prime number?
False
Is 29599 prime?
True
Is 90313 a composite number?
False
Is 41269 a composite number?
False
Is 1441 composite?
True
Is 123479 a prime number?
True
Is 17647 composite?
True
Is 9307 prime?
False
Is 455449 a composite number?
True
Is 99573 composite?
True
Is 4774787 composite?
True
Is 59693 a composite number?
False
Is 97307 composite?
True
Is 54577 prime?
True
Is 9094 composite?
True
Is 29473 composite?
False
Is 4535 a composite number?
True
Is 304879 composite?
False
Is 27323 prime?
False
Is 85409 a prime number?
False
Is 4083 a prime number?
False
Is 16307 a composite number?
True
Is 68833 a prime number?
False
Is 439627 composite?
True
Is 1158523 composite?
False
Is 24217 a prime number?
False
Is 24773 a composite number?
True
Is 1229 a composite number?
False
Is 165143 a prime number?
False
Is 1219607 a composite number?
False
Is 5981 prime?
True
Is 161807 a prime number?
True
Is 3424759 prime?
False
Is 141931 a prime number?
True
Is 13553 a prime number?
True
Is 212907 prime?
False
Is 3722 composite?
True
Is 99077 a prime number?
False
Is 88411 composite?
False
Is 2885 prime?
False
Is 348619 composite?
True
Is 14197 a prime number?
True
Is 36187 a prime number?
True
Is 43913 composite?
False
Is 28081 composite?
False
Is 3973 prime?
False
Is 1843 a prime number?
False
Is 38197 composite?
False
Is 119249 a prime number?
False
Is 40798 prime?
False
Is 2999 prime?
True
Is 12979 prime?
True
Is 167 a composite number?
False
Is 34807 composite?
False
Is 65371 composite?
False
Is 794219 prime?
False
Is 370843 a composite number?
True
Is 205 a prime number?
False
Is 12313 a composite number?
True
Is 355751 a composite number?
True
Is 165079 a prime number?
True
Is 14873 prime?
False
Is 1967 a prime number?
False
Is 175699 prime?
True
Is 67021 a prime number?
True
Is 257 prime?
True
Is 439517 prime?
False
Is 211269 prime?
False
Is 323987 a prime number?
True
Is 215429 a prime number?
False
Is 999213 prime?
False
Is 46889 prime?
True
Is 476177 a composite number?
True
Is 1883 a composite number?
True
Is 92153 prime?
True
Is 49349 a prime number?
False
Is 19297 composite?
True
Is 104491 a composite number?
False
Is 324251 composite?
False
Is 605051 a composite number?
False
Is 66031 a prime number?
False
Is 1597 composite?
False
Is 176387 composite?
True
Is 360973 a composite number?
False
Is 14939 a composite number?
False
Is 394549 composite?
False
Is 312859 a prime number?
False
Is 1067305 a composite number?
True
Is 11665 prime?
False
Is 342119 a prime number?
False
Is 648551 composite?
True
Is 6074 composite?
True
Is 13682 a prime number?
False
Is 75903 a prime number?
False
Is 303409 prime?
True
Is 838897 a prime number?
True
Is 301309 a prime number?
False
Is 272841 a composite number?
True
Is 47041 composite?
False
Is 13843 a composite number?
True
Is 2741 a composite number?
False
Is 8147 composite?
False
Is 1949 prime?
True
Is 13439 a composite number?
True
Is 11303 a prime number?
False
Is 49523 a prime number?
True
Is 32259 composite?
True
Is 5839 prime?
True
Is 3287 a composite number?
True
Is 19031 a composite number?
False
Is 26997 prime?
False
Is 728206 a composite number?
True
Is 52034 a composite number?
True
Is 3109 prime?
True
Is 329 a composite number?
True
Is 127367 a prime number?
False
Is 3777 prime?
False
Is 353479 a composite number?
True
Is 11509 prime?
False
Is 4049 a prime number?
True
Is 371409 a composite number?
True
Is 18431 prime?
False
Is 10042 a prime number?
False
Is 319 composite?
True
Is 18899 composite?
False
Is 123749 a prime number?
False
Is 479 a composite number?
False
Is 28214 composite?
True
Is 20077 a prime number?
False
Is 884951 composite?
False
Is 32345 composite?
True
Is 233593 prime?
False
Is 11789 prime?
True
Is 1412741 composite?
True
Is 28123 a prime number?
True
Is 3691 a prime number?
True
Is 7873 a composite number?
False
Is 815251 pr